{"id":902,"date":"2016-11-05T16:22:33","date_gmt":"2016-11-05T14:22:33","guid":{"rendered":"http:\/\/www.mords-mittelrheintal.de\/?page_id=902"},"modified":"2018-05-17T08:55:22","modified_gmt":"2018-05-17T06:55:22","slug":"taschenbuch","status":"publish","type":"page","link":"https:\/\/www.mords-mittelrheintal.de\/?page_id=902","title":{"rendered":"Taschenbuch"},"content":{"rendered":"<p>Neuerscheinung:<\/p>\n<p><a href=\"https:\/\/www.mords-mittelrheintal.de\/wordpress\/wp-content\/uploads\/2016\/11\/Mords-Mittelrheintal_Titel_website.jpg\"><img loading=\"lazy\" class=\"aligncenter size-medium wp-image-903\" src=\"https:\/\/www.mords-mittelrheintal.de\/wordpress\/wp-content\/uploads\/2016\/11\/Mords-Mittelrheintal_Titel_website-177x300.jpg\" alt=\"mords-mittelrheintal_titel_website\" width=\"177\" height=\"300\" srcset=\"https:\/\/www.mords-mittelrheintal.de\/wordpress\/wp-content\/uploads\/2016\/11\/Mords-Mittelrheintal_Titel_website-177x300.jpg 177w, https:\/\/www.mords-mittelrheintal.de\/wordpress\/wp-content\/uploads\/2016\/11\/Mords-Mittelrheintal_Titel_website.jpg 535w\" sizes=\"(max-width: 177px) 100vw, 177px\" \/><\/a><\/p>\n<p><strong>Leila Emami, Wolfgang Blum:<br \/>\nMords Mittelrheintal \u2013 Mit Holla &amp; Hitch auf Krimi-Wanderung;<\/strong><br \/>\n<strong> Floh-Verlag, Geisenheim, 206 Seiten,<br \/>\n14,80 Euro,\u00a0ISBN: 978-3-923334-00-1.<\/strong><\/p>\n<p>Mords Mittelrheintal \u2013 das klingt doppeldeutig. Zum einen z\u00e4hlt es zu den sch\u00f6nsten Gegenden der Welt. 2002 hat die Unesco den Flussabschnitt zwischen R\u00fcdesheim und Koblenz zum Welterbe erhoben. Zum anderen schwingt Bedrohung mit: Die Schiffer f\u00fcrchteten die Klippen und Strudel, die H\u00e4ndler die Raubritter, die Menschen am Ufer die Hochw\u00e4sser.<\/p>\n<p>Doch das Tal ist vor allem eines: eine Landschaft zum Wohlf\u00fchlen. Zum Beispiel beim Wandern mit Leila Emami und Wolfgang Blum. Der Welterbebotschafter entdeckt tolle Touren, die Autorin schreibt einen Kurzkrimi dazu. Die F\u00e4lle werden vom ersten deutschen Wellensittich-Detektiv \u201eHerr Hitch\u201c gel\u00f6st. Das verspricht Gruselspa\u00df vom Feinsten.<\/p>\n<p>Band I der Reihe \u201eMords Mittelrheintal\u201c erz\u00e4hlt Kurzkrimis in Bacharach, Bingen, Geisenheim, Kaub, Lorch und Oestrich-Winkel. Jede Geschichte entwickelt sich entlang einer exakt festgelegten Wanderroute. Mit den Kurzbeschreibungen zu diesen Touren und einer vorangestellten \u00dcbersichtsskizze k\u00f6nnen Wanderer den Gruselspa\u00df mit dem Buch in der Hand auf eigene Faust wagen.<\/p>\n<p>Eingestreute Farbfotos zeigen die Faszination des mystischen Tals, skizzenhafte Federzeichnungen leiten zu den Stellen, an denen die Ganoven, Diebe und Betr\u00fcger ihre schaurigen Taten planen.<\/p>\n<p><em>Das Buch kann ab sofort zum Preis von 14,80 Euro im Buchhandel oder (zzgl. 2 Euro Versandkostenanteil, also 16,80 Euro) \u00fcber Wolfgang Blum (<a href=\"https:\/\/www.blum-wolfgang.de\/wordpress\/contact\/\" target=\"_blank\">Kontakt<\/a>) auf Rechnung bestellt werden. Bitte bei der Bestellung unbedingt die vollst\u00e4ndige Adresse angeben.<\/em><\/p>\n","protected":false},"excerpt":{"rendered":"<p>Neuerscheinung: Leila Emami, Wolfgang Blum: Mords Mittelrheintal \u2013 Mit Holla &amp; Hitch auf Krimi-Wanderung; Floh-Verlag, Geisenheim, 206 Seiten, 14,80 Euro,\u00a0ISBN: 978-3-923334-00-1. Mords Mittelrheintal \u2013 das klingt doppeldeutig. Zum einen z\u00e4hlt es zu den sch\u00f6nsten Gegenden der Welt. 2002 hat die&hellip; <\/p>\n","protected":false},"author":1,"featured_media":903,"parent":0,"menu_order":0,"comment_status":"closed","ping_status":"closed","template":"","meta":[],"_links":{"self":[{"href":"https:\/\/www.mords-mittelrheintal.de\/index.php?rest_route=\/wp\/v2\/pages\/902"}],"collection":[{"href":"https:\/\/www.mords-mittelrheintal.de\/index.php?rest_route=\/wp\/v2\/pages"}],"about":[{"href":"https:\/\/www.mords-mittelrheintal.de\/index.php?rest_route=\/wp\/v2\/types\/page"}],"author":[{"embeddable":true,"href":"https:\/\/www.mords-mittelrheintal.de\/index.php?rest_route=\/wp\/v2\/users\/1"}],"replies":[{"embeddable":true,"href":"https:\/\/www.mords-mittelrheintal.de\/index.php?rest_route=%2Fwp%2Fv2%2Fcomments&post=902"}],"version-history":[{"count":2,"href":"https:\/\/www.mords-mittelrheintal.de\/index.php?rest_route=\/wp\/v2\/pages\/902\/revisions"}],"predecessor-version":[{"id":2669,"href":"https:\/\/www.mords-mittelrheintal.de\/index.php?rest_route=\/wp\/v2\/pages\/902\/revisions\/2669"}],"wp:featuredmedia":[{"embeddable":true,"href":"https:\/\/www.mords-mittelrheintal.de\/index.php?rest_route=\/wp\/v2\/media\/903"}],"wp:attachment":[{"href":"https:\/\/www.mords-mittelrheintal.de\/index.php?rest_route=%2Fwp%2Fv2%2Fmedia&parent=902"}],"curies":[{"name":"wp","href":"https:\/\/api.w.org\/{rel}","templated":true}]}}

<p>Neuerscheinung:</p>
<p><a href="https://www.mords-mittelrheintal.de/wordpress/wp-content/uploads/2016/11/Mords-Mittelrheintal_Titel_website.jpg"><img loading="lazy" class="aligncenter size-medium wp-image-903" src="https://www.mords-mittelrheintal.de/wordpress/wp-content/uploads/2016/11/Mords-Mittelrheintal_Titel_website-177x300.jpg" alt="mords-mittelrheintal_titel_website" width="177" height="300" srcset="https://www.mords-mittelrheintal.de/wordpress/wp-content/uploads/2016/11/Mords-Mittelrheintal_Titel_website-177x300.jpg 177w, https://www.mords-mittelrheintal.de/wordpress/wp-content/uploads/2016/11/Mords-Mittelrheintal_Titel_website.jpg 535w" sizes="(max-width: 177px) 100vw, 177px" /></a></p>
<p><strong>Leila Emami, Wolfgang Blum:<br />
Mords Mittelrheintal – Mit Holla &amp; Hitch auf Krimi-Wanderung;</strong><br />
<strong> Floh-Verlag, Geisenheim, 206 Seiten,<br />
14,80 Euro, ISBN: 978-3-923334-00-1.</strong></p>
<p>Mords Mittelrheintal – das klingt doppeldeutig. Zum einen zählt es zu den schönsten Gegenden der Welt. 2002 hat die Unesco den Flussabschnitt zwischen Rüdesheim und Koblenz zum Welterbe erhoben. Zum anderen schwingt Bedrohung mit: Die Schiffer fürchteten die Klippen und Strudel, die Händler die Raubritter, die Menschen am Ufer die Hochwässer.</p>
<p>Doch das Tal ist vor allem eines: eine Landschaft zum Wohlfühlen. Zum Beispiel beim Wandern mit Leila Emami und Wolfgang Blum. Der Welterbebotschafter entdeckt tolle Touren, die Autorin schreibt einen Kurzkrimi dazu. Die Fälle werden vom ersten deutschen Wellensittich-Detektiv „Herr Hitch“ gelöst. Das verspricht Gruselspaß vom Feinsten.</p>
<p>Band I der Reihe „Mords Mittelrheintal“ erzählt Kurzkrimis in Bacharach, Bingen, Geisenheim, Kaub, Lorch und Oestrich-Winkel. Jede Geschichte entwickelt sich entlang einer exakt festgelegten Wanderroute. Mit den Kurzbeschreibungen zu diesen Touren und einer vorangestellten Übersichtsskizze können Wanderer den Gruselspaß mit dem Buch in der Hand auf eigene Faust wagen.</p>
<p>Eingestreute Farbfotos zeigen die Faszination des mystischen Tals, skizzenhafte Federzeichnungen leiten zu den Stellen, an denen die Ganoven, Diebe und Betrüger ihre schaurigen Taten planen.</p>
<p><em>Das Buch kann ab sofort zum Preis von 14,80 Euro im Buchhandel oder (zzgl. 2 Euro Versandkostenanteil, also 16,80 Euro) über Wolfgang Blum (<a href="https://www.blum-wolfgang.de/wordpress/contact/" target="_blank">Kontakt</a>) auf Rechnung bestellt werden. Bitte bei der Bestellung unbedingt die vollständige Adresse angeben.</em></p>

<p>Neuerscheinung: Leila Emami, Wolfgang Blum: Mords Mittelrheintal – Mit Holla &amp; Hitch auf Krimi-Wanderung; Floh-Verlag, Geisenheim, 206 Seiten, 14,80 Euro, ISBN: 978-3-923334-00-1. Mords Mittelrheintal – das klingt doppeldeutig. Zum einen zählt es zu den schönsten Gegenden der Welt. 2002 hat die&hellip; </p>
